{"id":1739,"date":"2021-10-11T15:52:25","date_gmt":"2021-10-11T15:52:25","guid":{"rendered":"https:\/\/cow.stimdata.tools\/?post_type=product&#038;p=1739"},"modified":"2021-10-12T11:55:27","modified_gmt":"2021-10-12T11:55:27","slug":"feuilletes-roka","status":"publish","type":"product","link":"https:\/\/c-o-w.fr\/?product=feuilletes-roka","title":{"rendered":"Feuillet\u00e9s Roka"},"content":{"rendered":"<p>FEUILLET\u00c9S ROKA<\/p>\n<p>Hollande<\/p>\n<p>Ce d\u00e9licieux biscuit au fromage a \u00e9t\u00e9 cr\u00e9\u00e9 en 1949 Par Jo Roodenrijs, qui \u00e9tait p\u00e2tissier \u00e0 Delft. La base faite d\u2019une p\u00e2te feuillet\u00e9e (90 couches) associ\u00e9 \u00e0 differents fromages affin\u00e9s, et d&rsquo;autres ingr\u00e9dients bien s\u00e9l\u00e9ctionn\u00e9s donnent \u00e0 ce biscuit un go\u00fbt tr\u00e8s intense de fromage. Les biscuits fondent en bouche.<\/p>\n","protected":false},"excerpt":{"rendered":"<p>FEUILLET\u00c9S ROKA<\/p>\n<p><strong><em>Gamme : <\/em><\/strong> Parmesan, Cheddar, Gouda<br \/>\n<strong><em>Producteur : <\/em><\/strong> Peter Destrooper et Wim Van Roy<br \/>\n<em><strong>Poids : <\/strong><\/em> 70g<\/p>\n","protected":false},"featured_media":622,"template":"","meta":[],"product_cat":[22],"product_tag":[],"jetpack_sharing_enabled":true,"_links":{"self":[{"href":"https:\/\/c-o-w.fr\/index.php?rest_route=\/wp\/v2\/product\/1739"}],"collection":[{"href":"https:\/\/c-o-w.fr\/index.php?rest_route=\/wp\/v2\/product"}],"about":[{"href":"https:\/\/c-o-w.fr\/index.php?rest_route=\/wp\/v2\/types\/product"}],"wp:featuredmedia":[{"embeddable":true,"href":"https:\/\/c-o-w.fr\/index.php?rest_route=\/wp\/v2\/media\/622"}],"wp:attachment":[{"href":"https:\/\/c-o-w.fr\/index.php?rest_route=%2Fwp%2Fv2%2Fmedia&parent=1739"}],"wp:term":[{"taxonomy":"product_cat","embeddable":true,"href":"https:\/\/c-o-w.fr\/index.php?rest_route=%2Fwp%2Fv2%2Fproduct_cat&post=1739"},{"taxonomy":"product_tag","embeddable":true,"href":"https:\/\/c-o-w.fr\/index.php?rest_route=%2Fwp%2Fv2%2Fproduct_tag&post=1739"}],"curies":[{"name":"wp","href":"https:\/\/api.w.org\/{rel}","templated":true}]}}