{"id":1110,"date":"2021-04-09T15:46:56","date_gmt":"2021-04-09T15:46:56","guid":{"rendered":"https:\/\/cow.stimdata.tools\/?product=import-placeholder-for-terrincho-velho"},"modified":"2021-10-12T14:35:44","modified_gmt":"2021-10-12T14:35:44","slug":"terrincho-velho-d-o-p","status":"publish","type":"product","link":"https:\/\/c-o-w.fr\/?product=terrincho-velho-d-o-p","title":{"rendered":"Terrincho Velho D.O.P."},"content":{"rendered":"<p>La ferme de Veiguinha, situ\u00e9e \u00e0 Alfandega da F\u00e9 dans la r\u00e9gion du Haut-Douro, transforme le lait de brebis Curra de Terra Quente, race historique du nord du Portugal. Ici na\u00eet le TERRINCHO, dit \u00ab\u00a0jeune\u00a0\u00bb \u00e0 compter de 30\u00a0jours d\u2019affinage, et \u00ab\u00a0vieux\u00a0\u00bb (velho) d\u00e8s lors qu\u2019il d\u00e9passe les 90\u00a0jours. Sa texture, d\u2019abord ferme et fondante, se fait plus dure et cassante, tandis que ses d\u00e9licats ar\u00f4mes ovins deviennent plus animaux et piquants. On ressent alors davantage l\u2019\u00e9table, le foin. Parfois, sa cro\u00fbte se voit m\u00eame recouverte de piment et de paprika, pour une d\u00e9gustation puissante qui vient joyeusement attaquer la gorge.<\/p>\n","protected":false},"excerpt":{"rendered":"<p><strong><em>Type de fromage : <\/em><\/strong>Lait cru de brebis<br \/>\n<strong><em>Producteur : <\/em><\/strong> La ferme de Veiguinha<br \/>\n<em><strong>Intensit\u00e9 : <\/strong><\/em><br \/>\n<em><strong>Coagulant : <\/strong><\/em><br \/>\n<em><strong>Affinage : <\/strong><\/em><br \/>\n<em><strong>Poids : <\/strong><\/em><\/p>\n","protected":false},"featured_media":644,"template":"","meta":[],"product_cat":[41,34],"product_tag":[],"jetpack_sharing_enabled":true,"_links":{"self":[{"href":"https:\/\/c-o-w.fr\/index.php?rest_route=\/wp\/v2\/product\/1110"}],"collection":[{"href":"https:\/\/c-o-w.fr\/index.php?rest_route=\/wp\/v2\/product"}],"about":[{"href":"https:\/\/c-o-w.fr\/index.php?rest_route=\/wp\/v2\/types\/product"}],"wp:featuredmedia":[{"embeddable":true,"href":"https:\/\/c-o-w.fr\/index.php?rest_route=\/wp\/v2\/media\/644"}],"wp:attachment":[{"href":"https:\/\/c-o-w.fr\/index.php?rest_route=%2Fwp%2Fv2%2Fmedia&parent=1110"}],"wp:term":[{"taxonomy":"product_cat","embeddable":true,"href":"https:\/\/c-o-w.fr\/index.php?rest_route=%2Fwp%2Fv2%2Fproduct_cat&post=1110"},{"taxonomy":"product_tag","embeddable":true,"href":"https:\/\/c-o-w.fr\/index.php?rest_route=%2Fwp%2Fv2%2Fproduct_tag&post=1110"}],"curies":[{"name":"wp","href":"https:\/\/api.w.org\/{rel}","templated":true}]}}