{"id":1101,"date":"2021-04-09T15:46:33","date_gmt":"2021-04-09T15:46:33","guid":{"rendered":"https:\/\/cow.stimdata.tools\/?product=import-placeholder-for-rascard"},"modified":"2021-10-12T14:38:16","modified_gmt":"2021-10-12T14:38:16","slug":"rascard","status":"publish","type":"product","link":"https:\/\/c-o-w.fr\/?product=rascard","title":{"rendered":"Rascard"},"content":{"rendered":"<p>L\u2019entreprise familiale Nicoletta, bas\u00e9e \u00e0 Donnas dans la Vall\u00e9e d\u2019Aoste, \u0153uvre avec patience et sensibilit\u00e9 \u00e0 l\u2019affinage de fromages fermiers et artisanaux depuis la fin des ann\u00e9es 1980. C\u2019est dans ses caves que le RASCARD m\u00fbrit au minimum 60\u00a0jours, durant lesquels il conna\u00eet des lavages r\u00e9guliers \u00e0 la morge (eau sal\u00e9e). Tel un jeune FONTINA, il se r\u00e9v\u00e8le tr\u00e8s doux en bouche et pr\u00e9sente de belles qualit\u00e9s de fonte. Aussi se d\u00e9guste-t-il volontiers en raclette, en fondue, sur une pizza\u2026<\/p>\n","protected":false},"excerpt":{"rendered":"<p><strong><em>Type de fromage : <\/em><\/strong>Lait cru de vache<br \/>\n<em><strong>Producteur : <\/strong><\/em>La famille Nicoletta<br \/>\n<em><strong>Intensit\u00e9 : <\/strong><\/em>1\/5<br \/>\n<em><strong>Coagulant : <\/strong><\/em>Pr\u00e9sure<br \/>\n<em><strong>Affinage : <\/strong><\/em>2 mois minimum<br \/>\n<em><strong>Poids : <\/strong><\/em>~8,500Kg<\/p>\n","protected":false},"featured_media":622,"template":"","meta":[],"product_cat":[30,41],"product_tag":[],"jetpack_sharing_enabled":true,"_links":{"self":[{"href":"https:\/\/c-o-w.fr\/index.php?rest_route=\/wp\/v2\/product\/1101"}],"collection":[{"href":"https:\/\/c-o-w.fr\/index.php?rest_route=\/wp\/v2\/product"}],"about":[{"href":"https:\/\/c-o-w.fr\/index.php?rest_route=\/wp\/v2\/types\/product"}],"wp:featuredmedia":[{"embeddable":true,"href":"https:\/\/c-o-w.fr\/index.php?rest_route=\/wp\/v2\/media\/622"}],"wp:attachment":[{"href":"https:\/\/c-o-w.fr\/index.php?rest_route=%2Fwp%2Fv2%2Fmedia&parent=1101"}],"wp:term":[{"taxonomy":"product_cat","embeddable":true,"href":"https:\/\/c-o-w.fr\/index.php?rest_route=%2Fwp%2Fv2%2Fproduct_cat&post=1101"},{"taxonomy":"product_tag","embeddable":true,"href":"https:\/\/c-o-w.fr\/index.php?rest_route=%2Fwp%2Fv2%2Fproduct_tag&post=1101"}],"curies":[{"name":"wp","href":"https:\/\/api.w.org\/{rel}","templated":true}]}}