{"id":1083,"date":"2021-04-09T15:46:08","date_gmt":"2021-04-09T15:46:08","guid":{"rendered":"https:\/\/cow.stimdata.tools\/?product=caciocavallo-irpino"},"modified":"2021-10-12T15:12:56","modified_gmt":"2021-10-12T15:12:56","slug":"caciocavallo-irpino","status":"publish","type":"product","link":"https:\/\/c-o-w.fr\/?product=caciocavallo-irpino","title":{"rendered":"Caciocavallo Irpino"},"content":{"rendered":"<p>Le CACIOCAVALLO IRPINO est fabriqu\u00e9 par la fromagerie Caciocavalleria D&amp;D \u00e0 Calitri en Campanie. Les grottes dans lesquelles il est affin\u00e9 sont diss\u00e9min\u00e9es dans le centre historique de la ville. Dans une temp\u00e9rature naturelle constante de 13\u00b0C et pour une p\u00e9riode allant de six mois \u00e0 un an, voire plus, les fromages CACIOCAVALLO y sont li\u00e9s par deux et suspendus \u00e0 cheval sur des poutres de bois\u00a0; CACIOCAVALLO signifie d\u2019ailleurs litt\u00e9ralement \u00ab\u00a0fromage \u00e0 cheval\u00a0\u00bb. Cette p\u00e2te fil\u00e9e semi-dure, de la forme d\u2019un c\u00f4ne tronqu\u00e9, peut alors acqu\u00e9rir une texture \u00e9lastique \u00e0 ferme voire cassante. Ses notes acidul\u00e9es et herbac\u00e9es gagnent en piquant lorsque l\u2019affinage est prolong\u00e9.<\/p>\n","protected":false},"excerpt":{"rendered":"<p><strong><em>Type de fromage : <\/em><\/strong>Lait cru de vache<br \/>\n<em><strong>Producteur : <\/strong><\/em>La fromagerie Caciocavalleria<br \/>\n<em><strong>Intensit\u00e9 : <\/strong><\/em><br \/>\n<em><strong>Coagulant : <\/strong><\/em><br \/>\n<em><strong>Affinage : <\/strong><\/em><br \/>\n<em><strong>Poids : <\/strong><\/em><\/p>\n","protected":false},"featured_media":637,"template":"","meta":[],"product_cat":[30,21],"product_tag":[],"jetpack_sharing_enabled":true,"_links":{"self":[{"href":"https:\/\/c-o-w.fr\/index.php?rest_route=\/wp\/v2\/product\/1083"}],"collection":[{"href":"https:\/\/c-o-w.fr\/index.php?rest_route=\/wp\/v2\/product"}],"about":[{"href":"https:\/\/c-o-w.fr\/index.php?rest_route=\/wp\/v2\/types\/product"}],"wp:featuredmedia":[{"embeddable":true,"href":"https:\/\/c-o-w.fr\/index.php?rest_route=\/wp\/v2\/media\/637"}],"wp:attachment":[{"href":"https:\/\/c-o-w.fr\/index.php?rest_route=%2Fwp%2Fv2%2Fmedia&parent=1083"}],"wp:term":[{"taxonomy":"product_cat","embeddable":true,"href":"https:\/\/c-o-w.fr\/index.php?rest_route=%2Fwp%2Fv2%2Fproduct_cat&post=1083"},{"taxonomy":"product_tag","embeddable":true,"href":"https:\/\/c-o-w.fr\/index.php?rest_route=%2Fwp%2Fv2%2Fproduct_tag&post=1083"}],"curies":[{"name":"wp","href":"https:\/\/api.w.org\/{rel}","templated":true}]}}