{"id":1081,"date":"2021-04-09T15:46:07","date_gmt":"2021-04-09T15:46:07","guid":{"rendered":"https:\/\/cow.stimdata.tools\/?product=import-placeholder-for-isle-of-mull-cheddar"},"modified":"2022-01-19T10:28:24","modified_gmt":"2022-01-19T10:28:24","slug":"isle-of-mull-cheddar","status":"publish","type":"product","link":"https:\/\/c-o-w.fr\/?product=isle-of-mull-cheddar","title":{"rendered":"Isle of mull Cheddar"},"content":{"rendered":"<p>La ferme laiti\u00e8re de la famille Reade est situ\u00e9e sur l\u2019\u00cele de Mull, pr\u00e8s de Tobermory en \u00c9cosse. Ind\u00e9pendante en \u00e9nergie, elle poss\u00e8de entre autres sa propre centrale hydro\u00e9lectrique.C\u2019est l\u00e0 qu\u2019est fabriqu\u00e9 le cheddar ISLE OF MULL, par Brendan Reade et Steve Palmer. Selon la m\u00e9thode traditionnelle, il se voit, pendant toute la dur\u00e9e de son affinage, envelopp\u00e9 dans une toile de lin badigeonn\u00e9e de saindoux. Il d\u00e9veloppe ainsi une p\u00e2te ferme et dense l\u00e9g\u00e8rement friable, qui offre en bouche une texture agr\u00e9ablement fondante. Sa p\u00e2te acidul\u00e9e voire citronn\u00e9e livre des notes fra\u00eeches et herbac\u00e9es, doucement iod\u00e9es. D\u2019une acidit\u00e9 lactique ultra-ma\u00eetris\u00e9e, le ISLE OF MULL CHEDDAR est \u00e9galement marqu\u00e9 par des saveurs de c\u00e9r\u00e9ales un brin alcoolis\u00e9es, voire tourb\u00e9es. Est-ce du fait du r\u00e9gime alimentaire singulier des vaches de la ferme, qui mangent r\u00e9guli\u00e8rement la dr\u00eache (les r\u00e9sidus d\u2019orge) issue de la distillerie de whisky voisine\u00a0?<\/p>\n","protected":false},"excerpt":{"rendered":"<p><strong><em>Type de fromage : <\/em><\/strong>Lait cru de vache<br \/>\n<em><strong>Producteur : <\/strong><\/em>Brendan Reade et Steve Palmer<br \/>\n<em><strong>Intensit\u00e9 : <\/strong><\/em>4\/5<br \/>\n<em><strong>Coagulant : <\/strong><\/em>Pr\u00e9sure<br \/>\n<em><strong>Affinage : <\/strong><\/em>10\/18 mois<br \/>\n<em><strong>Poids : <\/strong><\/em> 250g environ<\/p>\n","protected":false},"featured_media":622,"template":"","meta":[],"product_cat":[41,84],"product_tag":[],"jetpack_sharing_enabled":true,"_links":{"self":[{"href":"https:\/\/c-o-w.fr\/index.php?rest_route=\/wp\/v2\/product\/1081"}],"collection":[{"href":"https:\/\/c-o-w.fr\/index.php?rest_route=\/wp\/v2\/product"}],"about":[{"href":"https:\/\/c-o-w.fr\/index.php?rest_route=\/wp\/v2\/types\/product"}],"wp:featuredmedia":[{"embeddable":true,"href":"https:\/\/c-o-w.fr\/index.php?rest_route=\/wp\/v2\/media\/622"}],"wp:attachment":[{"href":"https:\/\/c-o-w.fr\/index.php?rest_route=%2Fwp%2Fv2%2Fmedia&parent=1081"}],"wp:term":[{"taxonomy":"product_cat","embeddable":true,"href":"https:\/\/c-o-w.fr\/index.php?rest_route=%2Fwp%2Fv2%2Fproduct_cat&post=1081"},{"taxonomy":"product_tag","embeddable":true,"href":"https:\/\/c-o-w.fr\/index.php?rest_route=%2Fwp%2Fv2%2Fproduct_tag&post=1081"}],"curies":[{"name":"wp","href":"https:\/\/api.w.org\/{rel}","templated":true}]}}