{"id":1066,"date":"2021-04-09T15:46:01","date_gmt":"2021-04-09T15:46:01","guid":{"rendered":"https:\/\/cow.stimdata.tools\/?product=import-placeholder-for-idiazabal-fume"},"modified":"2021-10-12T15:19:18","modified_gmt":"2021-10-12T15:19:18","slug":"idiazabal-fume-d-o-p","status":"publish","type":"product","link":"https:\/\/c-o-w.fr\/?product=idiazabal-fume-d-o-p","title":{"rendered":"Idiazabal fum\u00e9 D.O.P."},"content":{"rendered":"<p>Fum\u00e9 au bois de h\u00eatre ou d\u2019\u00e9rable, ce fromage de brebis embl\u00e9matique est fabriqu\u00e9 dans la communaut\u00e9 autonome basque. Sa p\u00e2te ferme, l\u00e9g\u00e8rement granuleuse, fond en bouche, r\u00e9v\u00e9lant des notes piquantes et bois\u00e9es d\u2019une belle intensit\u00e9. Nous proposons r\u00e9guli\u00e8rement une version de l\u2019IDIAZABAL infus\u00e9e \u00e0 la truffe.<\/p>\n","protected":false},"excerpt":{"rendered":"<p><strong><em>Type de fromage : <\/em><\/strong>Lait cru de brebis<br \/>\n<em><strong>Producteur : <\/strong><\/em><br \/>\n<em><strong>Intensit\u00e9 : <\/strong><\/em><br \/>\n<em><strong>Coagulant : <\/strong><\/em><br \/>\n<em><strong>Affinage : <\/strong><\/em><br \/>\n<em><strong>Poids : <\/strong><\/em><\/p>\n","protected":false},"featured_media":639,"template":"","meta":[],"product_cat":[26,41],"product_tag":[],"jetpack_sharing_enabled":true,"_links":{"self":[{"href":"https:\/\/c-o-w.fr\/index.php?rest_route=\/wp\/v2\/product\/1066"}],"collection":[{"href":"https:\/\/c-o-w.fr\/index.php?rest_route=\/wp\/v2\/product"}],"about":[{"href":"https:\/\/c-o-w.fr\/index.php?rest_route=\/wp\/v2\/types\/product"}],"wp:featuredmedia":[{"embeddable":true,"href":"https:\/\/c-o-w.fr\/index.php?rest_route=\/wp\/v2\/media\/639"}],"wp:attachment":[{"href":"https:\/\/c-o-w.fr\/index.php?rest_route=%2Fwp%2Fv2%2Fmedia&parent=1066"}],"wp:term":[{"taxonomy":"product_cat","embeddable":true,"href":"https:\/\/c-o-w.fr\/index.php?rest_route=%2Fwp%2Fv2%2Fproduct_cat&post=1066"},{"taxonomy":"product_tag","embeddable":true,"href":"https:\/\/c-o-w.fr\/index.php?rest_route=%2Fwp%2Fv2%2Fproduct_tag&post=1066"}],"curies":[{"name":"wp","href":"https:\/\/api.w.org\/{rel}","templated":true}]}}