{"id":1065,"date":"2021-04-09T15:46:00","date_gmt":"2021-04-09T15:46:00","guid":{"rendered":"https:\/\/cow.stimdata.tools\/?product=import-placeholder-for-graviera"},"modified":"2021-10-12T15:21:15","modified_gmt":"2021-10-12T15:21:15","slug":"graviera","status":"publish","type":"product","link":"https:\/\/c-o-w.fr\/?product=graviera","title":{"rendered":"Graviera"},"content":{"rendered":"<p>Le GRAVIERA constitue la version grecque du gruy\u00e8re. Il existe le GRAVIERA AGRAFON\u00a0P.O.P., produit dans le massif montagneux d&rsquo;Agrafa, au centre de la Gr\u00e8ce\u00a0; qu\u2019il ne faut pas confondre avec le GRAVIERA NAXOU\u00a0P.O.P., produit sur l&rsquo;\u00eele de Naxos (dans les Cyclades) ou avec le GRAVIERA KRITIS\u00a0P.O.P., produit en Cr\u00e8te. Notre GRAVIERA est quant \u00e0 lui fabriqu\u00e9 \u00e0 Thessalonique par Kostas M. \u00e0 partir d\u2019un m\u00e9lange de trois laits (vache, brebis et ch\u00e8vre), et affin\u00e9 pendant un minimum de 3\u00a0mois. Il livre alors des saveurs beurr\u00e9es et noiset\u00e9es presque sucr\u00e9es, et peut \u00eatre r\u00e2p\u00e9 ou fondu.<\/p>\n","protected":false},"excerpt":{"rendered":"<p><strong><em>Type de fromage : <\/em><\/strong>Lait cru de vache, brebis et ch\u00e8vre<br \/>\n<em><strong>Producteur : <\/strong><\/em>Kostas M<br \/>\n<em><strong>Intensit\u00e9 : <\/strong><\/em>1\/5<br \/>\n<em><strong>Coagulant : <\/strong><\/em>Pr\u00e9sure<br \/>\n<em><strong>Affinage : <\/strong><\/em>3 mois<br \/>\n<em><strong>Poids : <\/strong><\/em>14 \u00e0 16Kg<\/p>\n","protected":false},"featured_media":622,"template":"","meta":[],"product_cat":[28,21,40],"product_tag":[],"jetpack_sharing_enabled":true,"_links":{"self":[{"href":"https:\/\/c-o-w.fr\/index.php?rest_route=\/wp\/v2\/product\/1065"}],"collection":[{"href":"https:\/\/c-o-w.fr\/index.php?rest_route=\/wp\/v2\/product"}],"about":[{"href":"https:\/\/c-o-w.fr\/index.php?rest_route=\/wp\/v2\/types\/product"}],"wp:featuredmedia":[{"embeddable":true,"href":"https:\/\/c-o-w.fr\/index.php?rest_route=\/wp\/v2\/media\/622"}],"wp:attachment":[{"href":"https:\/\/c-o-w.fr\/index.php?rest_route=%2Fwp%2Fv2%2Fmedia&parent=1065"}],"wp:term":[{"taxonomy":"product_cat","embeddable":true,"href":"https:\/\/c-o-w.fr\/index.php?rest_route=%2Fwp%2Fv2%2Fproduct_cat&post=1065"},{"taxonomy":"product_tag","embeddable":true,"href":"https:\/\/c-o-w.fr\/index.php?rest_route=%2Fwp%2Fv2%2Fproduct_tag&post=1065"}],"curies":[{"name":"wp","href":"https:\/\/api.w.org\/{rel}","templated":true}]}}