{"id":1059,"date":"2021-04-09T15:45:57","date_gmt":"2021-04-09T15:45:57","guid":{"rendered":"https:\/\/cow.stimdata.tools\/?product=cabezuela-tradicional"},"modified":"2021-10-12T15:24:37","modified_gmt":"2021-10-12T15:24:37","slug":"cabezuela-tradicional","status":"publish","type":"product","link":"https:\/\/c-o-w.fr\/?product=cabezuela-tradicional","title":{"rendered":"Cabezuela tradicional"},"content":{"rendered":"<p>Fabriqu\u00e9e par la famille Royuela-Campos \u00e0 San Lorenzo de El Escorial pr\u00e8s de Madrid, la CABEZUELA TRADICIONAL est obtenue \u00e0 partir du lait cru des ch\u00e8vres de Guadarrama. Ce nom, Guadarrama, d\u00e9signe tout \u00e0 la fois une ville voisine de Madrid, une cha\u00eene de montagnes proche et le parc national qui lui est rattach\u00e9. Et cela dit beaucoup de notre fromage, qui transpire la nature, le vert, la fra\u00eecheur, le sauvage\u2026 Durant son affinage de 2\u00a0mois, la CABEZUELA (\u00ab\u00a0grosse t\u00eate\u00a0\u00bb en galicien) d\u00e9veloppe un beurr\u00e9 sous cro\u00fbte d\u2019une incroyable douceur, qui vient contraster avec la blancheur friable de la p\u00e2te. En bouche, son go\u00fbt lactique pr\u00e9dominant, aux l\u00e9gers accents caprins et \u00e0 l\u2019acidit\u00e9 ma\u00eetris\u00e9e, est un r\u00e9gal de fra\u00eeches sensations laiti\u00e8res.<\/p>\n","protected":false},"excerpt":{"rendered":"<p><strong><em>Type de fromage : <\/em><\/strong>Lait cru de ch\u00e8vre<br \/>\n<em><strong>Producteur : <\/strong><\/em>Royuela-Campos<br \/>\n<em><strong>Intensit\u00e9 : <\/strong><\/em><br \/>\n<em><strong>Coagulant : <\/strong><\/em><br \/>\n<em><strong>Affinage : <\/strong><\/em><br \/>\n<em><strong>Poids : <\/strong><\/em><\/p>\n","protected":false},"featured_media":622,"template":"","meta":[],"product_cat":[26,41],"product_tag":[],"jetpack_sharing_enabled":true,"_links":{"self":[{"href":"https:\/\/c-o-w.fr\/index.php?rest_route=\/wp\/v2\/product\/1059"}],"collection":[{"href":"https:\/\/c-o-w.fr\/index.php?rest_route=\/wp\/v2\/product"}],"about":[{"href":"https:\/\/c-o-w.fr\/index.php?rest_route=\/wp\/v2\/types\/product"}],"wp:featuredmedia":[{"embeddable":true,"href":"https:\/\/c-o-w.fr\/index.php?rest_route=\/wp\/v2\/media\/622"}],"wp:attachment":[{"href":"https:\/\/c-o-w.fr\/index.php?rest_route=%2Fwp%2Fv2%2Fmedia&parent=1059"}],"wp:term":[{"taxonomy":"product_cat","embeddable":true,"href":"https:\/\/c-o-w.fr\/index.php?rest_route=%2Fwp%2Fv2%2Fproduct_cat&post=1059"},{"taxonomy":"product_tag","embeddable":true,"href":"https:\/\/c-o-w.fr\/index.php?rest_route=%2Fwp%2Fv2%2Fproduct_tag&post=1059"}],"curies":[{"name":"wp","href":"https:\/\/api.w.org\/{rel}","templated":true}]}}