{"id":1023,"date":"2021-04-09T15:45:27","date_gmt":"2021-04-09T15:45:27","guid":{"rendered":"https:\/\/cow.stimdata.tools\/?product=import-placeholder-for-beenleigh-blue"},"modified":"2021-10-12T15:43:22","modified_gmt":"2021-10-12T15:43:22","slug":"beenleigh-blue","status":"publish","type":"product","link":"https:\/\/c-o-w.fr\/?product=beenleigh-blue","title":{"rendered":"Beenleigh Blue"},"content":{"rendered":"<p>\u00c0 la suite de Robin Congdon, ce sont aujourd\u2019hui Ben Harris et son \u00e9quipe qui fabriquent le BEENLEIGH BLUE. \u00c0 la Ticklemore Dairy de Totnes (comt\u00e9 de Devon, dans le sud-ouest de l\u2019Angleterre), ils s\u2019inspirent des techniques de fabrication du ROQUEFORT, qui est lui aussi un bleu de brebis. Apr\u00e8s un affinage r\u00e9duit, plomb\u00e9 (envelopp\u00e9 dans une feuille d\u2019\u00e9tain, comme le ROQUEFORT) et en frigo, na\u00eet un fromage \u00e0 la texture extr\u00eamement beurr\u00e9e, tr\u00e8s humide et l\u00e9g\u00e8rement friable. Vein\u00e9e de moisissures vertes aux envol\u00e9es sal\u00e9es et \u00e9pic\u00e9es, sa p\u00e2te offre des notes de poires et des ar\u00f4mes de caramel br\u00fbl\u00e9.\u00c0 partir du BEENLEIGH BLUE, l\u2019\u00e9quipe d\u2019affineurs de Neal\u2019s Yard Dairy a proc\u00e9d\u00e9 \u00e0 quelques exp\u00e9rimentations\u2026 Affin\u00e9 10\u00a0semaines suppl\u00e9mentaires dans leurs caves londoniennes, le BEENLEIGH BLUE devient le BRUNSWICK BLUE\u00a0! Un fromage rustique \u00e0 la texture granuleuse et friable. Sa p\u00e2te exhale alors des saveurs lactiques, fra\u00eeches et noiset\u00e9es, teint\u00e9es d\u2019une l\u00e9g\u00e8re amertume, ainsi que des notes alcoolis\u00e9es de whisky.<\/p>\n","protected":false},"excerpt":{"rendered":"<p><strong><em>Type de fromage : <\/em><\/strong>Lait de brebis pasteuris\u00e9<br \/>\n<em><strong>Producteur : <\/strong><\/em>Ben Harris<br \/>\n<em><strong>Intensit\u00e9 : <\/strong><\/em><br \/>\n<em><strong>Coagulant : <\/strong><\/em>Coagulant v\u00e9g\u00e9tal<br \/>\n<em><strong>Affinage : <\/strong><\/em><br \/>\n<em><strong>Poids : <\/strong><\/em><\/p>\n","protected":false},"featured_media":622,"template":"","meta":[],"product_cat":[42],"product_tag":[],"jetpack_sharing_enabled":true,"_links":{"self":[{"href":"https:\/\/c-o-w.fr\/index.php?rest_route=\/wp\/v2\/product\/1023"}],"collection":[{"href":"https:\/\/c-o-w.fr\/index.php?rest_route=\/wp\/v2\/product"}],"about":[{"href":"https:\/\/c-o-w.fr\/index.php?rest_route=\/wp\/v2\/types\/product"}],"wp:featuredmedia":[{"embeddable":true,"href":"https:\/\/c-o-w.fr\/index.php?rest_route=\/wp\/v2\/media\/622"}],"wp:attachment":[{"href":"https:\/\/c-o-w.fr\/index.php?rest_route=%2Fwp%2Fv2%2Fmedia&parent=1023"}],"wp:term":[{"taxonomy":"product_cat","embeddable":true,"href":"https:\/\/c-o-w.fr\/index.php?rest_route=%2Fwp%2Fv2%2Fproduct_cat&post=1023"},{"taxonomy":"product_tag","embeddable":true,"href":"https:\/\/c-o-w.fr\/index.php?rest_route=%2Fwp%2Fv2%2Fproduct_tag&post=1023"}],"curies":[{"name":"wp","href":"https:\/\/api.w.org\/{rel}","templated":true}]}}