{"id":1671,"date":"2021-09-08T15:26:40","date_gmt":"2021-09-08T15:26:40","guid":{"rendered":"https:\/\/cow.stimdata.tools\/?page_id=1671"},"modified":"2021-12-13T09:51:43","modified_gmt":"2021-12-13T09:51:43","slug":"mentions-legales","status":"publish","type":"page","link":"https:\/\/c-o-w.fr\/?page_id=1671","title":{"rendered":"Mentions l\u00e9gales"},"content":{"rendered":"\n<h4 class=\"wp-block-heading\"><em>Cheese(s) Of the World<\/em><\/h4>\n\n\n\n<p class=\"has-normal-font-size\" style=\"line-height:1.4\">Soci\u00e9t\u00e9 par actions simplifi\u00e9es au capital social de 100 000 Euros <br>Si\u00e8ge social au 30 bvd St-Germain 75005 Paris <br>Registre du Commerce et des Soci\u00e9t\u00e9s de Paris sous le num\u00e9ro 848 607 610 <br>Num\u00e9ro de TVA intracommunautaire : FR 308 486 07610<br>SIRET : 848 607 610 00013<br>E-Mail : contact@c-o-w.fr<br>T\u00e9l\u00e9phone : 01 88 33 54 00<br>Directeurs de la publication : Antoine Farge<\/p>\n\n\n\n<h4 class=\"wp-block-heading\"><em>Agence web<\/em><\/h4>\n\n\n\n<p class=\"has-normal-font-size\"> STIMDATA <br> SAS au capital de 50.000\u20ac <br> RCS Melun 50296913200039 <br> Code APE 7022Z  <br> 2 place Fulgence Bienven\u00fce <br> 77600 BUSSY SAINT GEORGES <br> contact@stimdata.com <\/p>\n\n\n\n<h4 class=\"wp-block-heading\"><em>H\u00e9bergement<\/em><\/h4>\n\n\n\n<p class=\"has-normal-font-size\">OVH <br>SAS au capital de 10 069 020 \u20ac<br>RCS Lille M\u00e9tropole 424 761 419 00045<br>Code APE 2620Z<br>N\u00b0 TVA : FR 22 424 761 419<br>Si\u00e8ge social : 2 rue Kellermann &#8211; 59100 Roubaix \u2013 France<\/p>\n","protected":false},"excerpt":{"rendered":"<p>Cheese(s) Of the World Soci\u00e9t\u00e9 par actions simplifi\u00e9es au capital social de 100 000 Euros Si\u00e8ge social au 30 bvd St-Germain 75005 Paris Registre du Commerce et des Soci\u00e9t\u00e9s de Paris sous le num\u00e9ro 848 607 610 Num\u00e9ro de TVA intracommunautaire : FR 308 486 07610SIRET : 848 607 610 00013E-Mail : contact@c-o-w.frT\u00e9l\u00e9phone : 01<a class=\"more-link\" href=\"https:\/\/c-o-w.fr\/?page_id=1671\">Read more  &#10230;<\/a><\/p>\n","protected":false},"author":1,"featured_media":0,"parent":0,"menu_order":0,"comment_status":"closed","ping_status":"closed","template":"","meta":{"footnotes":""},"jetpack_sharing_enabled":true,"_links":{"self":[{"href":"https:\/\/c-o-w.fr\/index.php?rest_route=\/wp\/v2\/pages\/1671"}],"collection":[{"href":"https:\/\/c-o-w.fr\/index.php?rest_route=\/wp\/v2\/pages"}],"about":[{"href":"https:\/\/c-o-w.fr\/index.php?rest_route=\/wp\/v2\/types\/page"}],"author":[{"embeddable":true,"href":"https:\/\/c-o-w.fr\/index.php?rest_route=\/wp\/v2\/users\/1"}],"replies":[{"embeddable":true,"href":"https:\/\/c-o-w.fr\/index.php?rest_route=%2Fwp%2Fv2%2Fcomments&post=1671"}],"version-history":[{"count":5,"href":"https:\/\/c-o-w.fr\/index.php?rest_route=\/wp\/v2\/pages\/1671\/revisions"}],"predecessor-version":[{"id":1923,"href":"https:\/\/c-o-w.fr\/index.php?rest_route=\/wp\/v2\/pages\/1671\/revisions\/1923"}],"wp:attachment":[{"href":"https:\/\/c-o-w.fr\/index.php?rest_route=%2Fwp%2Fv2%2Fmedia&parent=1671"}],"curies":[{"name":"wp","href":"https:\/\/api.w.org\/{rel}","templated":true}]}}